 17*o - 298. What is q(-18)?
44
Let x(a) = -a**2 - 38*a - 97. Determine x(-35).
8
Let z(n) = 89*n + 456. Give z(-6).
-78
Let x(t) = 2*t + 26. Determine x(-16).
-6
Let d(u) = 25*u**2 - 11589*u + 6482. Calculate d(463).
0
Let a(f) = -66*f + 4352. Calculate a(66).
-4
Let g(m) = -m**3 + 8*m**2 + 20*m - 84. Determine g(7).
105
Let d(c) = 13*c + 137. What is d(-11)?
-6
Let q(o) = o**2 + 244*o + 2111. Calculate q(-9).
-4
Let x(g) = -200*g + 2609. What is x(13)?
9
Let j(s) = -44*s + 440. What is j(11)?
-44
Let q(x) = -3224*x**2 + 9671*x + 6. Give q(3).
3
Let j(l) = l**3 - 23*l**2 - 76*l + 233. Give j(2).
-3
Let l(b) = -3*b + 125. Give l(25).
50
Let k(d) = 3*d**2 - 15*d - 248. What is k(12)?
4
Let q(h) = h**2 - 81*h - 2692. What is q(106)?
-42
Let j(v) = -3*v**2 + 2*v + 165. What is j(-7)?
4
Let j(g) = g**2 - 95*g - 605. What is j(-6)?
1
Let h(x) = x**3 + 29*x**2 + 79*x + 72. Give h(-26).
46
Let j(d) = -17*d - 1412. What is j(-83)?
-1
Let y(g) = -g**3 + 20*g**2 - 52*g - 4. What is y(17)?
-21
Let a(h) = -16*h - 45. What is a(-4)?
19
Let p(g) = g**3 - 19*g**2 + 3*g + 86. Give p(18).
-184
Let u(r) = r**2 - 198*r + 5041. Give u(30).
1
Let r(j) = -5*j**2 + 125*j + 616. Determine r(-5).
-134
Let z(v) = -v**3 + 16*v**2 - 39*v + 12. Determine z(13).
12
Let q(w) = 2*w**2 - 10*w - 29. Determine q(0).
-29
Let d(g) = 16*g**2 - 71*g - 5. What is d(5)?
40
Let s(v) = -8*v + 10. Give s(3).
-14
Let r(h) = -h**2 - 33*h - 258. Give r(-12).
-6
Let h(u) = u**3 - 95*u**2 + 60*u - 5706. Calculate h(95).
-6
Let a(u) = 214*u - 5777. Determine a(30).
643
Let i(l) = 202*l + 610. Give i(-3).
4
Let d(p) = -3*p**3 - 23*p**2 + 10*p + 14. Give d(-8).
-2
Let y(o) = o**3 + 54*o**2 + 199*o - 40. Calculate y(-50).
10
Let y(m) = m**2 + 56*m - 204. Calculate y(-60).
36
Let b(n) = 5*n + 55. Calculate b(-24).
-65
Let h(y) = -147*y - 849. Calculate h(-6).
33
Let y(p) = p**2 + 388*p - 4763. Calculate y(12).
37
Let m(f) = -f**2 + 14*f - 46. Determine m(9).
-1
Let x(l) = l**3 + 46*l**2 - 211*l - 599. Determine x(-50).
-49
Let n(t) = -27*t - 154. Calculate n(-4).
-46
Let w(v) = -2*v**3 - 68*v**2 - 10*v - 166. Give w(-34).
174
Let i(x) = 106*x + 1330. Determine i(-12).
58
Let b(i) = 54*i - 3047. Determine b(57).
31
Let i(l) = -l**2 - 21*l + 1881. What is i(-55)?
11
Let b(u) = -92*u - 574. Give b(-9).
254
Let g(z) = 20*z**3 + 4*z**2 - 8*z - 3. Calculate g(-3).
-483
Let b(u) = -237*u + 2589. Give b(11).
-18
Let p(z) = -4*z**2 - 4*z - 175. Calculate p(-9).
-463
Let u(i) = -i**2 - 139*i - 3440. What is u(-106)?
58
Let g(m) = -2369*m - 23686. Calculate g(-10).
4
Let k(j) = -j**3 - 26*j**2 - 24*j + 22. Give k(-25).
-3
Let q(x) = -11*x**3 + 87*x**2 + 23*x - 126. Determine q(8).
-6
Let a(r) = 161*r + 2756. What is a(-17)?
19
Let b(t) = -4*t**2 - 85*t + 615. Calculate b(8).
-321
Let a(m) = 341*m + 7178. Determine a(-21).
17
Let j(c) = c**2 + 1100*c + 21592. Calculate j(-20).
-8
Let g(f) = f**2 + 13*f + 29. Give g(-5).
-11
Let g(u) = 200*u - 810. Calculate g(4).
-10
Let s(z) = 2*z**3 + 21*z**2 - 10*z + 21. What is s(-11)?
10
Let b(u) = 2*u**3 - 27*u**2 + 7*u + 34. Calculate b(13).
-44
Let w(q) = -q**3 - 11*q**2 - 5*q + 57. Determine w(-10).
7
Let m(c) = 13*c**2 - 11*c + 10. Give m(-3).
160
Let x(v) = 3319*v + 43143. Determine x(-13).
-4
Let d(q) = -q**3 + 26*q**2 - 34*q - 53. What is d(24)?
283
Let g(h) = -h**3 + 52*h**2 + 43*h + 474. Give g(53).
-56
Let g(f) = f**3 + 44*f**2 + 134*f + 447. Give g(-41).
-4
Let p(m) = 7*m**2 + 35*m - 5. What is p(-5)?
-5
Let l(y) = 52*y + 190. Determine l(-4).
-18
Let v(y) = 3*y + 71. Determine v(-27).
-10
Let o(v) = 2*v**3 + 22*v**2 + 35*v - 6. Determine o(-9).
3
Let o(d) = -33*d**2 + 185*d + 365. Calculate o(-2).
-137
Let t(x) = -24682*x - 49362. Calculate t(-2).
2
Let o(r) = -147*r + 101. Give o(5).
-634
Let k(s) = s**3 - 99*s**2 + 456*s + 57. Calculate k(5).
-13
Let q(j) = 9*j + 917. Calculate q(-83).
170
Let j(p) = 144*p + 813. What is j(-5)?
93
Let k(o) = -61*o + 99. Give k(-1).
160
Let h(r) = -8*r**2 - 30*r + 10. Calculate h(-6).
-98
Let f(k) = 57*k - 176. Calculate f(3).
-5
Let n(s) = -192*s - 401. Determine n(-2).
-17
Let w(n) = -8*n**2 - 167*n - 759. Calculate w(-6).
-45
Let a(q) = -q**2 + 28*q - 129. Calculate a(28).
-129
Let x(j) = 2*j**2 - 664*j + 3915. Give x(6).
3
Let n(x) = 374*x - 10481. What is n(28)?
-9
Let d(g) = 31*g - 2231. Give d(72).
1
Let z(j) = -50*j - 105. Calculate z(-3).
45
Let d(n) = -7*n**2 - 10*n + 28. What is d(4)?
-124
Let m(k) = 43*k**2 - 2023*k + 101. What is m(47)?
7
Let r(d) = -d**3 + 10*d**2 + 72*d - 466. Calculate r(6).
110
Let z(b) = -2*b**3 + 3*b**2 + 19*b - 4. Determine z(6).
-214
Let y(b) = -b**3 - 22*b**2 - 10*b - 32. Give y(-22).
188
Let s(t) = t**3 + 50*t**2 - 979*t + 77. Determine s(15).
17
Let p(z) = 24*z - 108. What is p(9)?
108
Let g(u) = -u**3 - u**2 - 17*u - 104. Determine g(-5).
81
Let m(a) = -6*a**3 + 8*a**2 + 13*a - 25. Give m(3).
-76
Let o(a) = -135*a**2 + 1214*a + 16. Give o(9).
7
Let x(r) = 272*r**2 - 1087*r - 3. Calculate x(4).
1
Let n(u) = 2*u**2 + 7*u - 154. Determine n(-13).
93
Let i(k) = -3*k**3 + k**2 - 38*k - 18. What is i(0)?
-18
Let a(s) = -655*s + 1970. What is a(3)?
5
Let q(v) = 21*v - 997. Give q(47).
-10
Let y(l) = l**2 - 275*l - 2257. Give y(-8).
7
Let n(k) = 10*k**3 - 39*k**2 - 5*k - 17. Determine n(3).
-113
Let w(i) = -144*i + 5478. What is w(38)?
6
Let u(j) = 3*j**2 - 109*j + 759. Give u(27).
3
Let t(b) = 15*b - 67. Calculate t(16).
173
Let d(v) = -v**3 - 20*v**2 - 55*v + 260. Calculate d(-15).
-40
Let b(z) = -3*z**2 - 43*z - 62. Determine b(-12).
22
Let i(s) = 167*s - 343. Give i(2).
-9
Let n(q) = -10067*q + 100682. Give n(10).
12
Let x(o) = o**2 + 10*o - 84. Calculate x(-18).
60
Let g(i) = -21*i + 492. Calculate g(24).
-12
Let r(n) = -3*n**2 + 74*n - 507. What is r(15)?
-72
Let b(l) = 121*l + 51. Give b(-4).
-433
Let q(i) = -i**3 - 15*i**2 + 97*i - 44. Calculate q(-20).
16
Let k(r) = -2*r**3 - 20*r**2 - 31*r + 17. What is k(-8)?
9
Let a(o) = o**3 - 111*o**2 - 108*o - 286. Give a(112).
162
Let r(x) = 2*x**3 - 65*x**2 - 117*x + 40. What is r(34)?
-470
Let j(h) = 5659*h + 28290. Determine j(-5).
-5
Let j(h) = -449*h**2 + 1786*h + 4. What is j(4)?
-36
Let k(o) = -8*o**2 + o + 31. What is k(-6)?
-263
Let h(f) = -30*f**2 + 77*f + 19. Give h(3).
-20
Let v(g) = -g**3 - 24*g**2 - 55*g - 1312. Determine v(-24).
8
Let r(z) = z**3 + 34*z**2 + 29*z + 79. What is r(-33)?
211
Let j(x) = -550*x + 6592. Determine j(12).
-8
Let y(q) = -96*q**2 + 22*q - 22. Determine y(1).
-96
Let u(f) = 13*f**3 + 16*f + 33. Calculate u(-2).
-103
Let d(o) = 192*o - 2110. Determine d(11).
2
Let k(t) = -2*t**3 + 145*t**2 + 223*t - 53. Give k(74).
21
Let c(i) = -184*i + 3074. Calculate c(17).
-54
Let o(i) = -i**2 - 5*i + 221. Calculate o(-18).
-13
Let f(v) = -96*v**3 + 1. Calculate f(-1).
97
Let a(s) = 121*s + 2564. What is a(-21)?
23
Let c(o) = -o**2 - 119*o - 2073. Give c(-21).
-15
Let h(f) = f**2 - 5*f - 32. Calculate h(-3).
-8
Let p(m) = 52*m + 312. What is p(-6)?
0
Let x(p) = -69*p + 3683. What is x(58)?
-319
Let b(s) = 1041*s - 13536. Determine b(13).
-3
Let p(b) = b**3 + 201*b**2 - 1891*b - 229. Give p(-210).
-19
Let t(v) = -12*v**2 - 481*v - 115. What is t(-40)?
-75
Let w(a) = 16*a**2 - 191*a - 18. Calculate w(11).
-183
Let h(n) = -2*n**2 - 93*n + 43. What is h(-45)?
178
Let r(o) = o + 70. Give r(-5).
65
Let g(i) = i**3 + 2*i**2 - 32*i + 27. What is g(-7)?
6
Let z(k) = -k - 19. Determine z(-15).
-4
Let l(b) = 3*b + 96. Calculate l(-23).
27
Let k(f) = f**3 - 14*f**2 + 74*f - 1347. Give k(15).
-12
Let w(k) = -116*k + 633. What is w(13)?
-875
Let x(m) = 257*m - 246. Give x(1).
11
Let j(c) = -3*c**2 + 6*c + 8112. Give j(-51).
3
Let o(g) = -g**3 - 26*g**2 + 38*g + 292. Calculate o(-27).
-5
Let h(o) = -74*o**2 + 13*o + 3. Calculate h(2).
-267
Let f(t) = 177*t + 20712. Give f(-117).
3
Let q(h) = 359*h + 4671. Calculate q(-13).
4
Let r(n) = -n**2 + 3*n + 915. Determine r(-29).
-13
Let q(x) = -3*x**3 + 20*x**2 + 10*x - 129. Give q(6).
3
Let b(k) = -k**3 - 56*k**2 - 87*k + 1138. What is b(-54)?
4
Let n(b) = -4*b**2 - 278*b - 1069. What is n(-4)?
-21
Let h(o) = -4*o**3 + 3*o**2 + 28*o - 30. What is h(1)?
-3
Let g(d) = 11*d**2 + 177*d + 531. What is g(-4)?
-1
Let y(s) = -s**2 - 25*s - 11. Calculate y(-19).
103
Let d(k) = -k**3 - 9*k**2